{"id":288,"date":"2014-09-19T16:41:13","date_gmt":"2014-09-19T16:41:13","guid":{"rendered":"http:\/\/www.roscars.com.ar\/?page_id=288"},"modified":"2020-02-19T18:53:12","modified_gmt":"2020-02-19T18:53:12","slug":"home-2-2","status":"publish","type":"page","link":"http:\/\/www.roscars.com.ar\/","title":{"rendered":"Home"},"content":{"rendered":"<div id=\"pl-288\"  class=\"panel-layout\" ><div id=\"pg-288-0\"  class=\"panel-grid panel-no-style\" ><div id=\"pgc-288-0-0\"  class=\"panel-grid-cell\" ><div id=\"panel-288-0-0-0\" class=\"so-panel widget widget_black-studio-tinymce widget_black_studio_tinymce panel-first-child panel-last-child\" data-index=\"0\" ><div class=\"textwidget\"><p><a href=\"http:\/\/www.roscars.com.ar\/wp-content\/uploads\/2019\/10\/promo1.png\"><img loading=\"lazy\" decoding=\"async\" class=\"alignnone size-medium wp-image-325\" src=\"http:\/\/www.roscars.com.ar\/wp-content\/uploads\/2019\/10\/promo1-300x100.png\" alt=\"\" width=\"300\" height=\"100\" srcset=\"http:\/\/www.roscars.com.ar\/wp-content\/uploads\/2019\/10\/promo1-300x100.png 300w, http:\/\/www.roscars.com.ar\/wp-content\/uploads\/2019\/10\/promo1.png 473w\" sizes=\"auto, (max-width: 300px) 100vw, 300px\" \/><\/a><\/p>\n<\/div><\/div><\/div><div id=\"pgc-288-0-1\"  class=\"panel-grid-cell\" ><div id=\"panel-288-0-1-0\" class=\"so-panel widget widget_black-studio-tinymce widget_black_studio_tinymce panel-first-child panel-last-child\" data-index=\"1\" ><div class=\"textwidget\"><p><img decoding=\"async\" src=\"http:\/\/www.roscars.com.ar\/wp-content\/uploads\/2013\/10\/promo2.png\" \/><\/p>\n<\/div><\/div><\/div><div id=\"pgc-288-0-2\"  class=\"panel-grid-cell\" ><div id=\"panel-288-0-2-0\" class=\"so-panel widget widget_black-studio-tinymce widget_black_studio_tinymce panel-first-child panel-last-child\" data-index=\"2\" ><div class=\"textwidget\"><p><img decoding=\"async\" src=\"http:\/\/www.roscars.com.ar\/wp-content\/uploads\/2013\/10\/promo3.png\" \/><\/p>\n<\/div><\/div><\/div><\/div><div id=\"pg-288-1\"  class=\"panel-grid panel-no-style\" ><div id=\"pgc-288-1-0\"  class=\"panel-grid-cell\" ><div id=\"panel-288-1-0-0\" class=\"so-panel widget widget_text panel-first-child panel-last-child\" data-index=\"3\" ><h3 class=\"widget-title\">TODOS LOS VEHICULOS DE NUESTRA EMPRESA CUENTAN CON MONITOREO SATELITAL<\/h3>\t\t\t<div class=\"textwidget\"><\/div>\n\t\t<\/div><\/div><\/div><div id=\"pg-288-2\"  class=\"panel-grid panel-has-style\" ><div class=\"wide-grey panel-row-style panel-row-style-for-288-2\" ><div id=\"pgc-288-2-0\"  class=\"panel-grid-cell\" ><div id=\"panel-288-2-0-0\" class=\"so-panel widget widget_text panel-first-child panel-last-child\" data-index=\"4\" ><h3 class=\"widget-title\">BIENVENIDOS!<\/h3>\t\t\t<div class=\"textwidget\"><p>Desde ROSCARS queremos darle la bienvenida a la ciudad de ROSARIO, donde podras acceder a nuestra gama de veh\u00edculos para poder movilizarse. Si ud. llega a Rosario a trav\u00e9s del Aeropuesto Internacional de Rosario, somos la meror elecci\u00f3n para iniciar su estad\u00eda de la mejor manera.<\/p>\n<\/div>\n\t\t<\/div><\/div><div id=\"pgc-288-2-1\"  class=\"panel-grid-cell\" ><div id=\"panel-288-2-1-0\" class=\"so-panel widget widget_text panel-first-child panel-last-child\" data-index=\"5\" ><h3 class=\"widget-title\">BIENVENIDOS!<\/h3>\t\t\t<div class=\"textwidget\"><p>ENTERATE DE TODAS LAS PROMOCIONES QUE TENEMOS PARA VOS. NUESTRA FLOTA DE VEHICULOS TOTALMENTE EQUIPADAS PARA UN CIRCULACION SEGURA BAJO TODAS LAS NORMAS VIALES Y DE SEGURIDAD.<\/p>\n<p>* Consulte por nuestras promociones vigentes<\/p>\n<p>Una empresa Familiar, de confianza.<br \/>\nConsultenos!<\/p>\n<\/div>\n\t\t<\/div><\/div><div id=\"pgc-288-2-2\"  class=\"panel-grid-cell\" ><div id=\"panel-288-2-2-0\" class=\"so-panel widget widget_black-studio-tinymce widget_black_studio_tinymce panel-first-child\" data-index=\"6\" ><div class=\"textwidget\"><p><a href=\"http:\/\/www.roscars.com.ar\/?page_id=17\"><img decoding=\"async\" src=\"http:\/\/www.roscars.com.ar\/wp-content\/uploads\/2013\/10\/facil-obtener.png\" \/><\/a><\/p>\n<\/div><\/div><div id=\"panel-288-2-2-1\" class=\"so-panel widget widget_black-studio-tinymce widget_black_studio_tinymce panel-last-child\" data-index=\"7\" ><div class=\"textwidget\"><p><a href=\"http:\/\/www.roscars.com.ar\/wp-content\/uploads\/2020\/02\/horario-home.jpg\"><img loading=\"lazy\" decoding=\"async\" class=\"alignnone wp-image-330 size-medium\" src=\"http:\/\/www.roscars.com.ar\/wp-content\/uploads\/2020\/02\/horario-home-300x137.jpg\" alt=\"\" width=\"300\" height=\"137\" \/><\/a><\/p>\n<\/div><\/div><\/div><div id=\"pgc-288-2-3\"  class=\"panel-grid-cell\" ><div id=\"panel-288-2-3-0\" class=\"so-panel widget widget_black-studio-tinymce widget_black_studio_tinymce panel-first-child panel-last-child\" data-index=\"8\" ><div class=\"textwidget\"><p><a href=\"http:\/\/www.ruta0.com\/\"><img decoding=\"async\" src=\"http:\/\/www.roscars.com.ar\/wp-content\/uploads\/2013\/10\/banner_ruta0.png\" \/><\/a><\/p>\n<\/div><\/div><\/div><\/div><\/div><div id=\"pg-288-3\"  class=\"panel-grid panel-no-style\" ><div id=\"pgc-288-3-0\"  class=\"panel-grid-cell\" ><div id=\"panel-288-3-0-0\" class=\"so-panel widget widget_text panel-first-child panel-last-child\" data-index=\"9\" ><h3 class=\"widget-title\">CLIMA EN ROSARIO<\/h3>\t\t\t<div class=\"textwidget\"><!-- www.TuTiempo.net - Ancho:454px - Alto:91px -->\r\n<div id=\"TT_RiNkEkkE1QSaneIKKAuDjDDDj6uKM4MlbtEYksyoK1Dom5m5G\"><a href=\"http:\/\/www.tutiempo.net\">Informaci\u00f3n meteorol\u00f3gica mundial<\/a><\/div>\r\n<script type=\"text\/javascript\" src=\"http:\/\/www.tutiempo.net\/widget\/eltiempo_RiNkEkkE1QSaneIKKAuDjDDDj6uKM4MlbtEYksyoK1Dom5m5G\"><\/script><\/div>\n\t\t<\/div><\/div><div id=\"pgc-288-3-1\"  class=\"panel-grid-cell\" ><div id=\"panel-288-3-1-0\" class=\"so-panel widget widget_text panel-first-child panel-last-child\" data-index=\"10\" ><h3 class=\"widget-title\">DONDE ESTAMOS?<\/h3>\t\t\t<div class=\"textwidget\"><iframe src=\"https:\/\/www.google.com\/maps\/embed?pb=!1m14!1m8!1m3!1d3348.696436675132!2d-60.650985612303145!3d-32.93261768928115!3m2!1i1024!2i768!4f13.1!3m3!1m2!1s0x0%3A0x25cdfc7938eecdb2!2sRoscars%20Alquiler%20de%20Autos!5e0!3m2!1ses-419!2sar!4v1571849659256!5m2!1ses-419!2sar\" frameborder=\"0\" style=\"border:0;\" allowfullscreen=\"\"><\/iframe><\/div>\n\t\t<\/div><\/div><div id=\"pgc-288-3-2\"  class=\"panel-grid-cell panel-grid-cell-mobile-last\" ><div id=\"panel-288-3-2-0\" class=\"so-panel widget widget_text panel-first-child panel-last-child\" data-index=\"11\" ><h3 class=\"widget-title\">DOLAR | EURO<\/h3>\t\t\t<div class=\"textwidget\"><!-- ContizacionDolar.com.ar Promedios Ancho Adaptable x 150px -->\n<iframe style=\"width: 98%; height: 150px; min-width:100%; max-width:100%; margin: 1%;\" frameborder=\"0\" scrolling=\"no\" src=\"https:\/\/www.cotizacion-dolar.com.ar\/recursos-webmaster\/promedios\/cotizacion-argentina-adaptable.php\">\n<\/iframe>\n<!-- fin c\u00f3digo Promedios Ancho Adaptable x 150px --><\/div>\n\t\t<\/div><\/div><div id=\"pgc-288-3-3\"  class=\"panel-grid-cell panel-grid-cell-empty\" ><\/div><\/div><div id=\"pg-288-4\"  class=\"panel-grid panel-no-style\" ><div id=\"pgc-288-4-0\"  class=\"panel-grid-cell\" ><div id=\"panel-288-4-0-0\" class=\"so-panel widget widget_black-studio-tinymce widget_black_studio_tinymce panel-first-child panel-last-child\" data-index=\"12\" ><div class=\"textwidget\"><p><img decoding=\"async\" src=\"http:\/\/www.roscars.com.ar\/wp-content\/uploads\/2013\/10\/tarjetas_credito.jpg\" \/><\/p>\n<\/div><\/div><\/div><\/div><\/div>","protected":false},"excerpt":{"rendered":"<p>TODOS LOS VEHICULOS DE NUESTRA EMPRESA CUENTAN CON MONITOREO SATELITAL BIENVENIDOS! Desde ROSCARS queremos darle la bienvenida a la ciudad de ROSARIO, donde podras acceder a nuestra gama de veh\u00edculos para poder movilizarse. Si ud. llega a Rosario a trav\u00e9s del Aeropuesto Internacional de Rosario, somos la meror elecci\u00f3n para iniciar su estad\u00eda de la [&hellip;]<\/p>\n","protected":false},"author":0,"featured_media":0,"parent":0,"menu_order":0,"comment_status":"closed","ping_status":"open","template":"home-panels.php","meta":{"_joinchat":[],"footnotes":""},"class_list":["post-288","page","type-page","status-publish","hentry","post"],"_links":{"self":[{"href":"http:\/\/www.roscars.com.ar\/index.php?rest_route=\/wp\/v2\/pages\/288","targetHints":{"allow":["GET"]}}],"collection":[{"href":"http:\/\/www.roscars.com.ar\/index.php?rest_route=\/wp\/v2\/pages"}],"about":[{"href":"http:\/\/www.roscars.com.ar\/index.php?rest_route=\/wp\/v2\/types\/page"}],"replies":[{"embeddable":true,"href":"http:\/\/www.roscars.com.ar\/index.php?rest_route=%2Fwp%2Fv2%2Fcomments&post=288"}],"version-history":[{"count":1,"href":"http:\/\/www.roscars.com.ar\/index.php?rest_route=\/wp\/v2\/pages\/288\/revisions"}],"predecessor-version":[{"id":315,"href":"http:\/\/www.roscars.com.ar\/index.php?rest_route=\/wp\/v2\/pages\/288\/revisions\/315"}],"wp:attachment":[{"href":"http:\/\/www.roscars.com.ar\/index.php?rest_route=%2Fwp%2Fv2%2Fmedia&parent=288"}],"curies":[{"name":"wp","href":"https:\/\/api.w.org\/{rel}","templated":true}]}}